4?
7
Calculate the greatest common factor of 405 and 648.
81
What is the greatest common divisor of 118 and 6077?
59
What is the greatest common divisor of 55 and 1120?
5
What is the highest common divisor of 168 and 24?
24
What is the highest common divisor of 261 and 957?
87
What is the highest common divisor of 86 and 1247?
43
What is the highest common divisor of 21 and 9?
3
What is the highest common factor of 5661 and 1377?
153
What is the highest common factor of 791 and 1243?
113
Calculate the greatest common divisor of 72 and 207.
9
Calculate the highest common divisor of 48510 and 210.
210
What is the highest common divisor of 2050 and 50?
50
What is the greatest common divisor of 741 and 39?
39
Calculate the greatest common factor of 14 and 11774.
14
Calculate the greatest common factor of 96 and 2080.
32
Calculate the greatest common divisor of 36 and 297.
9
What is the greatest common factor of 470 and 60?
10
What is the highest common divisor of 32 and 288?
32
Calculate the highest common factor of 88 and 1430.
22
What is the greatest common factor of 154 and 1694?
154
Calculate the highest common divisor of 306 and 18.
18
What is the greatest common divisor of 1320 and 12?
12
What is the greatest common divisor of 3390 and 60?
30
What is the greatest common factor of 114 and 627?
57
What is the greatest common factor of 30 and 750?
30
Calculate the greatest common factor of 175 and 805.
35
Calculate the greatest common divisor of 8 and 47.
1
What is the greatest common divisor of 1071 and 3808?
119
What is the greatest common factor of 159 and 6?
3
Calculate the highest common divisor of 50 and 4850.
50
Calculate the highest common factor of 33 and 55.
11
What is the highest common divisor of 22033 and 11?
11
Calculate the greatest common factor of 216 and 13824.
216
What is the highest common divisor of 10 and 2530?
10
What is the greatest common factor of 29 and 189979?
29
What is the greatest common factor of 54 and 558?
18
Calculate the highest common factor of 56 and 6377.
7
Calculate the highest common divisor of 43730 and 10.
10
Calculate the greatest common factor of 2275 and 364.
91
What is the highest common factor of 252 and 189?
63
Calculate the greatest common divisor of 31840 and 160.
160
What is the greatest common factor of 308 and 21?
7
Calculate the highest common factor of 45 and 60.
15
Calculate the greatest common factor of 44 and 253.
11
What is the highest common divisor of 1353 and 492?
123
What is the highest common factor of 400 and 350?
50
Calculate the highest common divisor of 891 and 77.
11
What is the highest common divisor of 165 and 45?
15
What is the highest common divisor of 4 and 14?
2
What is the highest common factor of 3066 and 6?
6
What is the greatest common divisor of 10836 and 504?
252
What is the highest common divisor of 3 and 24?
3
What is the highest common factor of 42 and 48006?
42
What is the greatest common factor of 1159 and 19?
19
What is the greatest common divisor of 266 and 3496?
38
What is the greatest common factor of 103 and 6901?
103
What is the greatest common divisor of 27 and 18?
9
Calculate the greatest common factor of 272 and 128.
16
Calculate the greatest common divisor of 210 and 1806.
42
What is the greatest common factor of 25 and 35?
5
Calculate the greatest common divisor of 66 and 286.
22
Calculate the greatest common divisor of 25 and 1825.
25
What is the highest common factor of 85 and 4913?
17
Calculate the highest common factor of 1001 and 182.
91
Calculate the highest common divisor of 5130 and 6.
6
Calculate the highest common divisor of 1131 and 78.
39
Calculate the greatest common divisor of 14 and 147.
7
What is the greatest common divisor of 3495 and 270?
15
Calculate the greatest common factor of 11 and 583.
11
Calculate the highest common divisor of 18 and 7488.
18
Calculate the greatest common factor of 259 and 925.
37
What is the greatest common factor of 60 and 14840?
20
What is the highest common factor of 248 and 8?
8
What is the greatest common factor of 217 and 3503?
31
Calculate the highest common factor of 4704 and 63.
21
Calculate the highest common divisor of 616 and 896.
56
What is the highest common divisor of 1507 and 352?
11
Calculate the greatest common factor of 4 and 344.
4
What is the greatest common divisor of 152 and 19?
19
What is the highest common factor of 385 and 55?
55
What is the greatest common divisor of 104 and 65?
13
Calculate the greatest common divisor of 1028 and 4.
4
Calculate the greatest common divisor of 3074 and 58.
58
Calculate the highest common divisor of 14357 and 147.
49
Calculate the greatest common divisor of 46 and 23.
23
What is the highest common factor of 10361 and 13?
13
Calculate the highest common factor of 18513 and 102.
51
What is the greatest common divisor of 135401 and 161?
161
Calculate the greatest common divisor of 297 and 27819.
99
Calculate the highest common divisor of 512 and 48.
16
Calculate the highest common divisor of 56 and 4.
4
What is the highest common divisor of 11 and 18667?
11
Calculate the greatest common factor of 350 and 3038.
14
What is the greatest common factor of 1672 and 247?
19
What is the highest common factor of 45 and 9?
9
Calculate the highest common divisor of 1875 and 150.
75
Calculate the greatest common divisor of 35788 and 92.
92
What is the greatest common divisor of 1215 and 162?
81
Calculate the greatest common factor of 408 and 34.
34
Calculate the greatest common divisor of 512 and 960.
64
What is the highest common factor of 5580 and 20?
20
Calculate the highest common factor of 531 and 14160.
177
What is the highest common factor of 570 and 30?
30
What is the highest common divisor of 88 and 308?
44
What is the greatest common divisor of 42 and 1446?
6
What is the highest common factor of 3525 and 975?
75
What is the greatest common factor of 160 and 900?
20
What is the greatest common divisor of 130 and 110?
10
Calculate the highest common factor of 10740 and 60.
60
What is the highest common divisor of 50 and 80?
10
What is the greatest common divisor of 3609 and 9?
9
What is the highest common factor of 84 and 492?
12
What is the highest common factor of 5776 and 16?
16
Calculate the greatest common divisor of 18 and 9.
9
What is the highest common factor of 32 and 4?
4
Calculate the highest common divisor of 1268 and 4.
4
Calculate the greatest common factor of 76 and 133.
19
Calculate the greatest common divisor of 33 and 528.
33
Calculate the highest common factor of 10528 and 96.
32
What is the greatest common divisor of 140 and 105?
35
Calculate the highest common divisor of 2973 and 3.
3
Calculate the greatest common divisor of 574 and 410.
82
What is the greatest common factor of 51 and 204?
51
Calculate the highest common divisor of 40 and 1950.
10
Calculate the greatest common divisor of 24265 and 460.
115
What is the highest common divisor of 48 and 32?
16
Calculate the greatest common factor of 345 and 120.
15
What is the highest common factor of 28 and 182?
14
What is the highest common factor of 12 and 4236?
12
Calculate the highest common divisor of 13462 and 106.
106
Calculate the highest common factor of 174 and 12.
6
What is the greatest common factor of 1852 and 8?
4
What is the highest common factor of 6304 and 32?
32
Calculate the greatest common divisor of 304 and 342.
38
Calculate the highest common factor of 61 and 4880.
61
Calculate the highest common divisor of 20080 and 80.
80
Calculate the highest common divisor of 312 and 52.
52
What is the greatest common factor of 800 and 432?
16
Calculate the highest common factor of 158 and 2291.
79
What is the greatest common divisor of 102 and 153?
51
What is the highest common factor of 4160 and 650?
130
What is the highest common divisor of 273 and 23387?
91
Calculate the highest common divisor of 459 and 486.
27
What is the highest common factor of 30 and 330?
30
Calculate the greatest common factor of 817 and 1247.
43
Calculate the highest common divisor of 12 and 8.
4
What is the greatest common divisor of 58 and 638?
58
Calculate the greatest common factor of 88 and 136.
8
What is the greatest common divisor of 26 and 533?
13
Calculate the highest common factor of 